{"id":255,"date":"2018-07-04T18:03:46","date_gmt":"2018-07-04T21:03:46","guid":{"rendered":"http:\/\/institutoodontofacial.com.br\/?page_id=255"},"modified":"2018-08-20T15:38:11","modified_gmt":"2018-08-20T18:38:11","slug":"eventos","status":"publish","type":"page","link":"https:\/\/sindcomerciosl.com.br\/portal\/eventos\/","title":{"rendered":"Eventos"},"content":{"rendered":"<div class=\"wpb-content-wrapper\"><p>[vc_row][vc_column][vc_row_inner][vc_column_inner][vc_column_text]<\/p>\n<p style=\"text-align: center;\">\u00a0Confira os pr\u00f3ximos cursos e eventos do Sindcom\u00e9rcio e de institui\u00e7\u00f5es parceiras.<br \/>\nAproveite e anote na sua agenda para n\u00e3o perder nenhum dos nossos eventos.<\/p>\n<p>[\/vc_column_text][\/vc_column_inner][\/vc_row_inner][\/vc_column][\/vc_row][vc_row css=&#8221;.vc_custom_1531248331488{margin-top: 10px !important;margin-bottom: 50px !important;}&#8221;][vc_column][vc_column_text]<div class=\"mec-wrap mec-skin-masonry-container \" id=\"mec_skin_408\">\r\n\r\n    <div class=\"mec-events-masonry-cats\"><a href=\"#\" class=\"mec-masonry-cat-selected\" data-filter=\"*\">All<\/a><a href=\"#\" data-filter=\".mec-t23\">Encontro de Vendedores<\/a><a href=\"#\" data-filter=\".mec-t24\">Encontro Empresarial<\/a><\/div>\r\n        <div class=\"mec-skin-masonry-events-container\" id=\"mec_skin_events_408\">\r\n        Nenhum evento encontrado!    <\/div>\r\n        \r\n<\/div>\r\n[\/vc_column_text][\/vc_column][\/vc_row]<\/p>\n<\/div>","protected":false},"excerpt":{"rendered":"<p>[vc_row][vc_column][vc_row_inner][vc_column_inner][vc_column_text] \u00a0Confira os pr\u00f3ximos cursos e eventos do Sindcom\u00e9rcio e de institui\u00e7\u00f5es parceiras. Aproveite e anote na sua agenda para n\u00e3o perder nenhum dos nossos eventos. [\/vc_column_text][\/vc_column_inner][\/vc_row_inner][\/vc_column][\/vc_row][vc_row css=&#8221;.vc_custom_1531248331488{margin-top: 10px !important;margin-bottom: 50px !important;}&#8221;][vc_column][vc_column_text][\/vc_column_text][\/vc_column][\/vc_row]<\/p>\n","protected":false},"author":1,"featured_media":0,"parent":0,"menu_order":0,"comment_status":"closed","ping_status":"closed","template":"page-pagebuilder-title.php","meta":{"ngg_post_thumbnail":0,"_joinchat":[],"footnotes":""},"class_list":["post-255","page","type-page","status-publish","hentry"],"yoast_head":"<!-- This site is optimized with the Yoast SEO plugin v26.9 - https:\/\/yoast.com\/product\/yoast-seo-wordpress\/ -->\n<title>Eventos | SindCom\u00e9rcio<\/title>\n<meta name=\"description\" content=\"\u00a0Confira os pr\u00f3ximos cursos e eventos do Sindcom\u00e9rcio e de institui\u00e7\u00f5es parceiras. Aproveite e anote na sua agenda para n\u00e3o perder nenhum dos nossos\" \/>\n<meta name=\"robots\" content=\"index, follow, max-snippet:-1, max-image-preview:large, max-video-preview:-1\" \/>\n<link rel=\"canonical\" href=\"https:\/\/sindcomerciosl.com.br\/portal\/eventos\/\" \/>\n<meta property=\"og:locale\" content=\"pt_BR\" \/>\n<meta property=\"og:type\" content=\"article\" \/>\n<meta property=\"og:title\" content=\"Eventos | SindCom\u00e9rcio\" \/>\n<meta property=\"og:description\" content=\"\u00a0Confira os pr\u00f3ximos cursos e eventos do Sindcom\u00e9rcio e de institui\u00e7\u00f5es parceiras. Aproveite e anote na sua agenda para n\u00e3o perder nenhum dos nossos\" \/>\n<meta property=\"og:url\" content=\"https:\/\/sindcomerciosl.com.br\/portal\/eventos\/\" \/>\n<meta property=\"og:site_name\" content=\"SindCom\u00e9rcio\" \/>\n<meta property=\"article:modified_time\" content=\"2018-08-20T18:38:11+00:00\" \/>\n<meta name=\"twitter:card\" content=\"summary_large_image\" \/>\n<script type=\"application\/ld+json\" class=\"yoast-schema-graph\">{\"@context\":\"https:\/\/schema.org\",\"@graph\":[{\"@type\":\"WebPage\",\"@id\":\"https:\/\/sindcomerciosl.com.br\/portal\/eventos\/\",\"url\":\"https:\/\/sindcomerciosl.com.br\/portal\/eventos\/\",\"name\":\"Eventos | SindCom\u00e9rcio\",\"isPartOf\":{\"@id\":\"https:\/\/sindcomerciosl.com.br\/portal\/#website\"},\"datePublished\":\"2018-07-04T21:03:46+00:00\",\"dateModified\":\"2018-08-20T18:38:11+00:00\",\"description\":\"\u00a0Confira os pr\u00f3ximos cursos e eventos do Sindcom\u00e9rcio e de institui\u00e7\u00f5es parceiras. Aproveite e anote na sua agenda para n\u00e3o perder nenhum dos nossos\",\"breadcrumb\":{\"@id\":\"https:\/\/sindcomerciosl.com.br\/portal\/eventos\/#breadcrumb\"},\"inLanguage\":\"pt-BR\",\"potentialAction\":[{\"@type\":\"ReadAction\",\"target\":[\"https:\/\/sindcomerciosl.com.br\/portal\/eventos\/\"]}]},{\"@type\":\"BreadcrumbList\",\"@id\":\"https:\/\/sindcomerciosl.com.br\/portal\/eventos\/#breadcrumb\",\"itemListElement\":[{\"@type\":\"ListItem\",\"position\":1,\"name\":\"In\u00edcio\",\"item\":\"https:\/\/sindcomerciosl.com.br\/portal\/\"},{\"@type\":\"ListItem\",\"position\":2,\"name\":\"Eventos\"}]},{\"@type\":\"WebSite\",\"@id\":\"https:\/\/sindcomerciosl.com.br\/portal\/#website\",\"url\":\"https:\/\/sindcomerciosl.com.br\/portal\/\",\"name\":\"SindCom\u00e9rcio\",\"description\":\"\",\"publisher\":{\"@id\":\"https:\/\/sindcomerciosl.com.br\/portal\/#organization\"},\"potentialAction\":[{\"@type\":\"SearchAction\",\"target\":{\"@type\":\"EntryPoint\",\"urlTemplate\":\"https:\/\/sindcomerciosl.com.br\/portal\/?s={search_term_string}\"},\"query-input\":{\"@type\":\"PropertyValueSpecification\",\"valueRequired\":true,\"valueName\":\"search_term_string\"}}],\"inLanguage\":\"pt-BR\"},{\"@type\":\"Organization\",\"@id\":\"https:\/\/sindcomerciosl.com.br\/portal\/#organization\",\"name\":\"Sindcom\u00e9rcio de Sete Lagoas\",\"url\":\"https:\/\/sindcomerciosl.com.br\/portal\/\",\"logo\":{\"@type\":\"ImageObject\",\"inLanguage\":\"pt-BR\",\"@id\":\"https:\/\/sindcomerciosl.com.br\/portal\/#\/schema\/logo\/image\/\",\"url\":\"https:\/\/sindcomerciosl.com.br\/portal\/wp-content\/uploads\/2018\/07\/logo-sindcomercio-mobile.png\",\"contentUrl\":\"https:\/\/sindcomerciosl.com.br\/portal\/wp-content\/uploads\/2018\/07\/logo-sindcomercio-mobile.png\",\"width\":140,\"height\":48,\"caption\":\"Sindcom\u00e9rcio de Sete Lagoas\"},\"image\":{\"@id\":\"https:\/\/sindcomerciosl.com.br\/portal\/#\/schema\/logo\/image\/\"}}]}<\/script>\n<!-- \/ Yoast SEO plugin. -->","yoast_head_json":{"title":"Eventos | SindCom\u00e9rcio","description":"\u00a0Confira os pr\u00f3ximos cursos e eventos do Sindcom\u00e9rcio e de institui\u00e7\u00f5es parceiras. Aproveite e anote na sua agenda para n\u00e3o perder nenhum dos nossos","robots":{"index":"index","follow":"follow","max-snippet":"max-snippet:-1","max-image-preview":"max-image-preview:large","max-video-preview":"max-video-preview:-1"},"canonical":"https:\/\/sindcomerciosl.com.br\/portal\/eventos\/","og_locale":"pt_BR","og_type":"article","og_title":"Eventos | SindCom\u00e9rcio","og_description":"\u00a0Confira os pr\u00f3ximos cursos e eventos do Sindcom\u00e9rcio e de institui\u00e7\u00f5es parceiras. Aproveite e anote na sua agenda para n\u00e3o perder nenhum dos nossos","og_url":"https:\/\/sindcomerciosl.com.br\/portal\/eventos\/","og_site_name":"SindCom\u00e9rcio","article_modified_time":"2018-08-20T18:38:11+00:00","twitter_card":"summary_large_image","schema":{"@context":"https:\/\/schema.org","@graph":[{"@type":"WebPage","@id":"https:\/\/sindcomerciosl.com.br\/portal\/eventos\/","url":"https:\/\/sindcomerciosl.com.br\/portal\/eventos\/","name":"Eventos | SindCom\u00e9rcio","isPartOf":{"@id":"https:\/\/sindcomerciosl.com.br\/portal\/#website"},"datePublished":"2018-07-04T21:03:46+00:00","dateModified":"2018-08-20T18:38:11+00:00","description":"\u00a0Confira os pr\u00f3ximos cursos e eventos do Sindcom\u00e9rcio e de institui\u00e7\u00f5es parceiras. Aproveite e anote na sua agenda para n\u00e3o perder nenhum dos nossos","breadcrumb":{"@id":"https:\/\/sindcomerciosl.com.br\/portal\/eventos\/#breadcrumb"},"inLanguage":"pt-BR","potentialAction":[{"@type":"ReadAction","target":["https:\/\/sindcomerciosl.com.br\/portal\/eventos\/"]}]},{"@type":"BreadcrumbList","@id":"https:\/\/sindcomerciosl.com.br\/portal\/eventos\/#breadcrumb","itemListElement":[{"@type":"ListItem","position":1,"name":"In\u00edcio","item":"https:\/\/sindcomerciosl.com.br\/portal\/"},{"@type":"ListItem","position":2,"name":"Eventos"}]},{"@type":"WebSite","@id":"https:\/\/sindcomerciosl.com.br\/portal\/#website","url":"https:\/\/sindcomerciosl.com.br\/portal\/","name":"SindCom\u00e9rcio","description":"","publisher":{"@id":"https:\/\/sindcomerciosl.com.br\/portal\/#organization"},"potentialAction":[{"@type":"SearchAction","target":{"@type":"EntryPoint","urlTemplate":"https:\/\/sindcomerciosl.com.br\/portal\/?s={search_term_string}"},"query-input":{"@type":"PropertyValueSpecification","valueRequired":true,"valueName":"search_term_string"}}],"inLanguage":"pt-BR"},{"@type":"Organization","@id":"https:\/\/sindcomerciosl.com.br\/portal\/#organization","name":"Sindcom\u00e9rcio de Sete Lagoas","url":"https:\/\/sindcomerciosl.com.br\/portal\/","logo":{"@type":"ImageObject","inLanguage":"pt-BR","@id":"https:\/\/sindcomerciosl.com.br\/portal\/#\/schema\/logo\/image\/","url":"https:\/\/sindcomerciosl.com.br\/portal\/wp-content\/uploads\/2018\/07\/logo-sindcomercio-mobile.png","contentUrl":"https:\/\/sindcomerciosl.com.br\/portal\/wp-content\/uploads\/2018\/07\/logo-sindcomercio-mobile.png","width":140,"height":48,"caption":"Sindcom\u00e9rcio de Sete Lagoas"},"image":{"@id":"https:\/\/sindcomerciosl.com.br\/portal\/#\/schema\/logo\/image\/"}}]}},"_links":{"self":[{"href":"https:\/\/sindcomerciosl.com.br\/portal\/wp-json\/wp\/v2\/pages\/255","targetHints":{"allow":["GET"]}}],"collection":[{"href":"https:\/\/sindcomerciosl.com.br\/portal\/wp-json\/wp\/v2\/pages"}],"about":[{"href":"https:\/\/sindcomerciosl.com.br\/portal\/wp-json\/wp\/v2\/types\/page"}],"author":[{"embeddable":true,"href":"https:\/\/sindcomerciosl.com.br\/portal\/wp-json\/wp\/v2\/users\/1"}],"replies":[{"embeddable":true,"href":"https:\/\/sindcomerciosl.com.br\/portal\/wp-json\/wp\/v2\/comments?post=255"}],"version-history":[{"count":4,"href":"https:\/\/sindcomerciosl.com.br\/portal\/wp-json\/wp\/v2\/pages\/255\/revisions"}],"predecessor-version":[{"id":458,"href":"https:\/\/sindcomerciosl.com.br\/portal\/wp-json\/wp\/v2\/pages\/255\/revisions\/458"}],"wp:attachment":[{"href":"https:\/\/sindcomerciosl.com.br\/portal\/wp-json\/wp\/v2\/media?parent=255"}],"curies":[{"name":"wp","href":"https:\/\/api.w.org\/{rel}","templated":true}]}}