{"id":293,"date":"2018-07-09T11:30:34","date_gmt":"2018-07-09T14:30:34","guid":{"rendered":"http:\/\/institutoodontofacial.com.br\/?page_id=293"},"modified":"2018-10-25T15:11:36","modified_gmt":"2018-10-25T18:11:36","slug":"produtos-e-servicos","status":"publish","type":"page","link":"https:\/\/sindcomerciosl.com.br\/portal\/produtos-e-servicos\/","title":{"rendered":"Produtos e Servi\u00e7os"},"content":{"rendered":"<div class=\"wpb-content-wrapper\"><p>[vc_row css=&#8221;.vc_custom_1534789984378{margin-bottom: 20px !important;}&#8221;][vc_column][vc_row_inner][vc_column_inner][vc_column_text]<\/p>\n<p style=\"text-align: center;\">O Sindcom\u00e9rcio Sete Lagoas oferece produtos e servi\u00e7os exclusivos para empreendedores que possuem com\u00e9rcio de bens, servi\u00e7os e turismo que est\u00e3o com as contribui\u00e7\u00f5es sindicais em dia. Confira abaixo a lista completa dos nossos produtos e servi\u00e7os:<\/p>\n<p>[\/vc_column_text][\/vc_column_inner][\/vc_row_inner][\/vc_column][\/vc_row][vc_row css=&#8221;.vc_custom_1531148859176{margin-top: 50px !important;margin-bottom: 50px !important;}&#8221;][vc_column][vc_row_inner el_id=&#8221;tt-descricao&#8221;][vc_column_inner width=&#8221;1\/2&#8243;][vc_icon type=&#8221;linecons&#8221; icon_linecons=&#8221;vc_li vc_li-banknote&#8221; color=&#8221;custom&#8221; custom_color=&#8221;#22417e&#8221;]<div class=\"td_block_wrap td_block_text_with_title td_uid_1_69ea2764d7a7e_rand td-pb-border-top td_block_template_8\"  data-td-block-uid=\"td_uid_1_69ea2764d7a7e\" ><div class=\"td-block-title-wrap\"><h4 class=\"td-block-title\"><span>Defini\u00e7\u00e3o de sal\u00e1rio do com\u00e9rcio<\/span><\/h4><\/div><div class=\"td_mod_wrap td-fix-index\"><p>Reajuste salarial para garantir um aumento de sal\u00e1rio aos empregados todos os setores do com\u00e9rcio.&nbsp;A&nbsp;defini\u00e7\u00e3o&nbsp;consta nas conven\u00e7\u00f5es coletivas do&nbsp;com\u00e9rcio.<\/p>\n<\/div><\/div>[\/vc_column_inner][vc_column_inner width=&#8221;1\/2&#8243;][vc_icon type=&#8221;linecons&#8221; icon_linecons=&#8221;vc_li vc_li-study&#8221; color=&#8221;custom&#8221; custom_color=&#8221;#22417e&#8221;]<div class=\"td_block_wrap td_block_text_with_title td_uid_2_69ea2764d7ba1_rand td-pb-border-top td_block_template_8\"  data-td-block-uid=\"td_uid_2_69ea2764d7ba1\" ><div class=\"td-block-title-wrap\"><h4 class=\"td-block-title\"><span>Cursos e Palestras<\/span><\/h4><\/div><div class=\"td_mod_wrap td-fix-index\"><p>Cria\u00e7\u00e3o de cursos e palestras para auxiliar no desenvolvimento dos comerciantes e profissionais atuantes na \u00e1rea.<\/p>\n<\/div><\/div>[\/vc_column_inner][\/vc_row_inner][vc_empty_space height=&#8221;20px&#8221;][vc_row_inner el_id=&#8221;tt-descricao&#8221;][vc_column_inner width=&#8221;1\/2&#8243;][vc_icon type=&#8221;linecons&#8221; icon_linecons=&#8221;vc_li vc_li-shop&#8221; color=&#8221;custom&#8221; custom_color=&#8221;#22417e&#8221;]<div class=\"td_block_wrap td_block_text_with_title td_uid_3_69ea2764d7bde_rand td-pb-border-top td_block_template_8\"  data-td-block-uid=\"td_uid_3_69ea2764d7bde\" ><div class=\"td-block-title-wrap\"><h4 class=\"td-block-title\"><span>Sala do Empres\u00e1rio<\/span><\/h4><\/div><div class=\"td_mod_wrap td-fix-index\"><p>Aluguel de sala do empres\u00e1rio com descontos exclusivos.<\/p>\n<\/div><\/div>[\/vc_column_inner][vc_column_inner width=&#8221;1\/2&#8243;][vc_icon type=&#8221;linecons&#8221; icon_linecons=&#8221;vc_li vc_li-shop&#8221; color=&#8221;custom&#8221; custom_color=&#8221;#22417e&#8221;]<div class=\"td_block_wrap td_block_text_with_title td_uid_4_69ea2764d7c01_rand td-pb-border-top td_block_template_8\"  data-td-block-uid=\"td_uid_4_69ea2764d7c01\" ><div class=\"td-block-title-wrap\"><h4 class=\"td-block-title\"><span>Negocia\u00e7\u00e3o - funcionamento do com\u00e9rcio em feriados<\/span><\/h4><\/div><div class=\"td_mod_wrap td-fix-index\"><p>Negocia\u00e7\u00e3o coletiva para determinar o funcionamento dos com\u00e9rcios em feriados municipais.<\/p>\n<\/div><\/div>[\/vc_column_inner][\/vc_row_inner][vc_empty_space height=&#8221;20px&#8221;][vc_row_inner][vc_column_inner width=&#8221;1\/2&#8243;][vc_icon type=&#8221;linecons&#8221; icon_linecons=&#8221;vc_li vc_li-tag&#8221; color=&#8221;custom&#8221; custom_color=&#8221;#22417e&#8221;]<div class=\"td_block_wrap td_block_text_with_title td_uid_5_69ea2764d7c22_rand td-pb-border-top td_block_template_8\"  data-td-block-uid=\"td_uid_5_69ea2764d7c22\" ><div class=\"td-block-title-wrap\"><h4 class=\"td-block-title\"><span>Conv\u00eanio atrav\u00e9s da FECOM\u00c9RCIO MINAS<\/span><\/h4><\/div><div class=\"td_mod_wrap td-fix-index\"><p>Torne sua empresa mais competitiva com os benef\u00edcios do Fecom\u00e9rcio MG. Basta estar em dia com a Contribui\u00e7\u00e3o Sindical e a Contribui\u00e7\u00e3o Confederativa.<\/p>\n<\/div><\/div>[\/vc_column_inner][vc_column_inner width=&#8221;1\/2&#8243;][vc_icon type=&#8221;linecons&#8221; icon_linecons=&#8221;vc_li vc_li-bubble&#8221; color=&#8221;custom&#8221; custom_color=&#8221;#22417e&#8221;]<div class=\"td_block_wrap td_block_text_with_title td_uid_6_69ea2764d7c42_rand td-pb-border-top td_block_template_8\"  data-td-block-uid=\"td_uid_6_69ea2764d7c42\" ><div class=\"td-block-title-wrap\"><h4 class=\"td-block-title\"><span>Encontro Empresarial e Encontro de Vendedores<\/span><\/h4><\/div><div class=\"td_mod_wrap td-fix-index\"><p>Encontros para que empreendedores\/vendedores possam trocar experi\u00eancias e ampliar seu networking profissional e pessoal.<\/p>\n<\/div><\/div>[\/vc_column_inner][\/vc_row_inner][vc_empty_space height=&#8221;20px&#8221;][vc_row_inner el_id=&#8221;tt-descricao&#8221;][vc_column_inner width=&#8221;1\/2&#8243;][vc_icon type=&#8221;linecons&#8221; icon_linecons=&#8221;vc_li vc_li-data&#8221; color=&#8221;custom&#8221; custom_color=&#8221;#22417e&#8221;]<div class=\"td_block_wrap td_block_text_with_title td_uid_7_69ea2764d7c5e_rand td-pb-border-top td_block_template_8\"  data-td-block-uid=\"td_uid_7_69ea2764d7c5e\" ><div class=\"td-block-title-wrap\"><h4 class=\"td-block-title\"><span>Assessoria Cont\u00e1bil, Econ\u00f4mica e Fiscal<\/span><\/h4><\/div><div class=\"td_mod_wrap td-fix-index\"><p>Assessoria que apresenta diversas pesquisas e relat\u00f3rios sobre o cen\u00e1rio municipal, estadual e nacional, que auxilia o empres\u00e1rio para a melhor decis\u00e3o de seus neg\u00f3cios.<\/p>\n<\/div><\/div>[\/vc_column_inner][vc_column_inner width=&#8221;1\/2&#8243;][vc_icon type=&#8221;linecons&#8221; icon_linecons=&#8221;vc_li vc_li-bulb&#8221; color=&#8221;custom&#8221; custom_color=&#8221;#22417e&#8221;]<div class=\"td_block_wrap td_block_text_with_title td_uid_8_69ea2764d7c7a_rand td-pb-border-top td_block_template_8\"  data-td-block-uid=\"td_uid_8_69ea2764d7c7a\" ><div class=\"td-block-title-wrap\"><h4 class=\"td-block-title\"><span>Assessoria Jur\u00eddica<\/span><\/h4><\/div><div class=\"td_mod_wrap td-fix-index\"><p>Assessoria focada em solucionar as d\u00favidas relacionadas \u00e0 Conven\u00e7\u00e3o Coletiva de Trabalho e a Consolida\u00e7\u00e3o das Leis do Trabalho.<\/p>\n<\/div><\/div>[\/vc_column_inner][\/vc_row_inner][\/vc_column][\/vc_row]<\/p>\n<\/div>","protected":false},"excerpt":{"rendered":"<p>[vc_row css=&#8221;.vc_custom_1534789984378{margin-bottom: 20px !important;}&#8221;][vc_column][vc_row_inner][vc_column_inner][vc_column_text] O Sindcom\u00e9rcio Sete Lagoas oferece produtos e servi\u00e7os exclusivos para empreendedores que possuem com\u00e9rcio de bens, servi\u00e7os e turismo que est\u00e3o com as contribui\u00e7\u00f5es sindicais em dia. Confira abaixo a lista completa dos nossos produtos e servi\u00e7os: [\/vc_column_text][\/vc_column_inner][\/vc_row_inner][\/vc_column][\/vc_row][vc_row css=&#8221;.vc_custom_1531148859176{margin-top: 50px !important;margin-bottom: 50px !important;}&#8221;][vc_column][vc_row_inner el_id=&#8221;tt-descricao&#8221;][vc_column_inner width=&#8221;1\/2&#8243;][vc_icon type=&#8221;linecons&#8221; icon_linecons=&#8221;vc_li vc_li-banknote&#8221; color=&#8221;custom&#8221; custom_color=&#8221;#22417e&#8221;][\/vc_column_inner][vc_column_inner width=&#8221;1\/2&#8243;][vc_icon [&hellip;]<\/p>\n","protected":false},"author":1,"featured_media":0,"parent":0,"menu_order":0,"comment_status":"closed","ping_status":"closed","template":"page-pagebuilder-title.php","meta":{"ngg_post_thumbnail":0,"_joinchat":[],"footnotes":""},"class_list":["post-293","page","type-page","status-publish","hentry"],"yoast_head":"<!-- This site is optimized with the Yoast SEO plugin v26.9 - https:\/\/yoast.com\/product\/yoast-seo-wordpress\/ -->\n<title>Produtos e Servi\u00e7os | SindCom\u00e9rcio<\/title>\n<meta name=\"description\" content=\"O Sindcom\u00e9rcio Sete Lagoas oferece produtos e servi\u00e7os exclusivos para empreendedores que possuem com\u00e9rcio de bens, servi\u00e7os e turismo que est\u00e3o com as\" \/>\n<meta name=\"robots\" content=\"index, follow, max-snippet:-1, max-image-preview:large, max-video-preview:-1\" \/>\n<link rel=\"canonical\" href=\"https:\/\/sindcomerciosl.com.br\/portal\/produtos-e-servicos\/\" \/>\n<meta property=\"og:locale\" content=\"pt_BR\" \/>\n<meta property=\"og:type\" content=\"article\" \/>\n<meta property=\"og:title\" content=\"Produtos e Servi\u00e7os | SindCom\u00e9rcio\" \/>\n<meta property=\"og:description\" content=\"O Sindcom\u00e9rcio Sete Lagoas oferece produtos e servi\u00e7os exclusivos para empreendedores que possuem com\u00e9rcio de bens, servi\u00e7os e turismo que est\u00e3o com as\" \/>\n<meta property=\"og:url\" content=\"https:\/\/sindcomerciosl.com.br\/portal\/produtos-e-servicos\/\" \/>\n<meta property=\"og:site_name\" content=\"SindCom\u00e9rcio\" \/>\n<meta property=\"article:modified_time\" content=\"2018-10-25T18:11:36+00:00\" \/>\n<meta name=\"twitter:card\" content=\"summary_large_image\" \/>\n<meta name=\"twitter:label1\" content=\"Est. tempo de leitura\" \/>\n\t<meta name=\"twitter:data1\" content=\"3 minutos\" \/>\n<script type=\"application\/ld+json\" class=\"yoast-schema-graph\">{\"@context\":\"https:\/\/schema.org\",\"@graph\":[{\"@type\":\"WebPage\",\"@id\":\"https:\/\/sindcomerciosl.com.br\/portal\/produtos-e-servicos\/\",\"url\":\"https:\/\/sindcomerciosl.com.br\/portal\/produtos-e-servicos\/\",\"name\":\"Produtos e Servi\u00e7os | SindCom\u00e9rcio\",\"isPartOf\":{\"@id\":\"https:\/\/sindcomerciosl.com.br\/portal\/#website\"},\"datePublished\":\"2018-07-09T14:30:34+00:00\",\"dateModified\":\"2018-10-25T18:11:36+00:00\",\"description\":\"O Sindcom\u00e9rcio Sete Lagoas oferece produtos e servi\u00e7os exclusivos para empreendedores que possuem com\u00e9rcio de bens, servi\u00e7os e turismo que est\u00e3o com as\",\"breadcrumb\":{\"@id\":\"https:\/\/sindcomerciosl.com.br\/portal\/produtos-e-servicos\/#breadcrumb\"},\"inLanguage\":\"pt-BR\",\"potentialAction\":[{\"@type\":\"ReadAction\",\"target\":[\"https:\/\/sindcomerciosl.com.br\/portal\/produtos-e-servicos\/\"]}]},{\"@type\":\"BreadcrumbList\",\"@id\":\"https:\/\/sindcomerciosl.com.br\/portal\/produtos-e-servicos\/#breadcrumb\",\"itemListElement\":[{\"@type\":\"ListItem\",\"position\":1,\"name\":\"In\u00edcio\",\"item\":\"https:\/\/sindcomerciosl.com.br\/portal\/\"},{\"@type\":\"ListItem\",\"position\":2,\"name\":\"Produtos e Servi\u00e7os\"}]},{\"@type\":\"WebSite\",\"@id\":\"https:\/\/sindcomerciosl.com.br\/portal\/#website\",\"url\":\"https:\/\/sindcomerciosl.com.br\/portal\/\",\"name\":\"SindCom\u00e9rcio\",\"description\":\"\",\"publisher\":{\"@id\":\"https:\/\/sindcomerciosl.com.br\/portal\/#organization\"},\"potentialAction\":[{\"@type\":\"SearchAction\",\"target\":{\"@type\":\"EntryPoint\",\"urlTemplate\":\"https:\/\/sindcomerciosl.com.br\/portal\/?s={search_term_string}\"},\"query-input\":{\"@type\":\"PropertyValueSpecification\",\"valueRequired\":true,\"valueName\":\"search_term_string\"}}],\"inLanguage\":\"pt-BR\"},{\"@type\":\"Organization\",\"@id\":\"https:\/\/sindcomerciosl.com.br\/portal\/#organization\",\"name\":\"Sindcom\u00e9rcio de Sete Lagoas\",\"url\":\"https:\/\/sindcomerciosl.com.br\/portal\/\",\"logo\":{\"@type\":\"ImageObject\",\"inLanguage\":\"pt-BR\",\"@id\":\"https:\/\/sindcomerciosl.com.br\/portal\/#\/schema\/logo\/image\/\",\"url\":\"https:\/\/sindcomerciosl.com.br\/portal\/wp-content\/uploads\/2018\/07\/logo-sindcomercio-mobile.png\",\"contentUrl\":\"https:\/\/sindcomerciosl.com.br\/portal\/wp-content\/uploads\/2018\/07\/logo-sindcomercio-mobile.png\",\"width\":140,\"height\":48,\"caption\":\"Sindcom\u00e9rcio de Sete Lagoas\"},\"image\":{\"@id\":\"https:\/\/sindcomerciosl.com.br\/portal\/#\/schema\/logo\/image\/\"}}]}<\/script>\n<!-- \/ Yoast SEO plugin. -->","yoast_head_json":{"title":"Produtos e Servi\u00e7os | SindCom\u00e9rcio","description":"O Sindcom\u00e9rcio Sete Lagoas oferece produtos e servi\u00e7os exclusivos para empreendedores que possuem com\u00e9rcio de bens, servi\u00e7os e turismo que est\u00e3o com as","robots":{"index":"index","follow":"follow","max-snippet":"max-snippet:-1","max-image-preview":"max-image-preview:large","max-video-preview":"max-video-preview:-1"},"canonical":"https:\/\/sindcomerciosl.com.br\/portal\/produtos-e-servicos\/","og_locale":"pt_BR","og_type":"article","og_title":"Produtos e Servi\u00e7os | SindCom\u00e9rcio","og_description":"O Sindcom\u00e9rcio Sete Lagoas oferece produtos e servi\u00e7os exclusivos para empreendedores que possuem com\u00e9rcio de bens, servi\u00e7os e turismo que est\u00e3o com as","og_url":"https:\/\/sindcomerciosl.com.br\/portal\/produtos-e-servicos\/","og_site_name":"SindCom\u00e9rcio","article_modified_time":"2018-10-25T18:11:36+00:00","twitter_card":"summary_large_image","twitter_misc":{"Est. tempo de leitura":"3 minutos"},"schema":{"@context":"https:\/\/schema.org","@graph":[{"@type":"WebPage","@id":"https:\/\/sindcomerciosl.com.br\/portal\/produtos-e-servicos\/","url":"https:\/\/sindcomerciosl.com.br\/portal\/produtos-e-servicos\/","name":"Produtos e Servi\u00e7os | SindCom\u00e9rcio","isPartOf":{"@id":"https:\/\/sindcomerciosl.com.br\/portal\/#website"},"datePublished":"2018-07-09T14:30:34+00:00","dateModified":"2018-10-25T18:11:36+00:00","description":"O Sindcom\u00e9rcio Sete Lagoas oferece produtos e servi\u00e7os exclusivos para empreendedores que possuem com\u00e9rcio de bens, servi\u00e7os e turismo que est\u00e3o com as","breadcrumb":{"@id":"https:\/\/sindcomerciosl.com.br\/portal\/produtos-e-servicos\/#breadcrumb"},"inLanguage":"pt-BR","potentialAction":[{"@type":"ReadAction","target":["https:\/\/sindcomerciosl.com.br\/portal\/produtos-e-servicos\/"]}]},{"@type":"BreadcrumbList","@id":"https:\/\/sindcomerciosl.com.br\/portal\/produtos-e-servicos\/#breadcrumb","itemListElement":[{"@type":"ListItem","position":1,"name":"In\u00edcio","item":"https:\/\/sindcomerciosl.com.br\/portal\/"},{"@type":"ListItem","position":2,"name":"Produtos e Servi\u00e7os"}]},{"@type":"WebSite","@id":"https:\/\/sindcomerciosl.com.br\/portal\/#website","url":"https:\/\/sindcomerciosl.com.br\/portal\/","name":"SindCom\u00e9rcio","description":"","publisher":{"@id":"https:\/\/sindcomerciosl.com.br\/portal\/#organization"},"potentialAction":[{"@type":"SearchAction","target":{"@type":"EntryPoint","urlTemplate":"https:\/\/sindcomerciosl.com.br\/portal\/?s={search_term_string}"},"query-input":{"@type":"PropertyValueSpecification","valueRequired":true,"valueName":"search_term_string"}}],"inLanguage":"pt-BR"},{"@type":"Organization","@id":"https:\/\/sindcomerciosl.com.br\/portal\/#organization","name":"Sindcom\u00e9rcio de Sete Lagoas","url":"https:\/\/sindcomerciosl.com.br\/portal\/","logo":{"@type":"ImageObject","inLanguage":"pt-BR","@id":"https:\/\/sindcomerciosl.com.br\/portal\/#\/schema\/logo\/image\/","url":"https:\/\/sindcomerciosl.com.br\/portal\/wp-content\/uploads\/2018\/07\/logo-sindcomercio-mobile.png","contentUrl":"https:\/\/sindcomerciosl.com.br\/portal\/wp-content\/uploads\/2018\/07\/logo-sindcomercio-mobile.png","width":140,"height":48,"caption":"Sindcom\u00e9rcio de Sete Lagoas"},"image":{"@id":"https:\/\/sindcomerciosl.com.br\/portal\/#\/schema\/logo\/image\/"}}]}},"_links":{"self":[{"href":"https:\/\/sindcomerciosl.com.br\/portal\/wp-json\/wp\/v2\/pages\/293","targetHints":{"allow":["GET"]}}],"collection":[{"href":"https:\/\/sindcomerciosl.com.br\/portal\/wp-json\/wp\/v2\/pages"}],"about":[{"href":"https:\/\/sindcomerciosl.com.br\/portal\/wp-json\/wp\/v2\/types\/page"}],"author":[{"embeddable":true,"href":"https:\/\/sindcomerciosl.com.br\/portal\/wp-json\/wp\/v2\/users\/1"}],"replies":[{"embeddable":true,"href":"https:\/\/sindcomerciosl.com.br\/portal\/wp-json\/wp\/v2\/comments?post=293"}],"version-history":[{"count":13,"href":"https:\/\/sindcomerciosl.com.br\/portal\/wp-json\/wp\/v2\/pages\/293\/revisions"}],"predecessor-version":[{"id":295,"href":"https:\/\/sindcomerciosl.com.br\/portal\/wp-json\/wp\/v2\/pages\/293\/revisions\/295"}],"wp:attachment":[{"href":"https:\/\/sindcomerciosl.com.br\/portal\/wp-json\/wp\/v2\/media?parent=293"}],"curies":[{"name":"wp","href":"https:\/\/api.w.org\/{rel}","templated":true}]}}