{"id":375,"date":"2018-07-10T12:25:48","date_gmt":"2018-07-10T15:25:48","guid":{"rendered":"http:\/\/institutoodontofacial.com.br\/?page_id=375"},"modified":"2018-08-20T15:40:18","modified_gmt":"2018-08-20T18:40:18","slug":"contribuicao-sindical","status":"publish","type":"page","link":"https:\/\/sindcomerciosl.com.br\/portal\/contribuicao-sindical\/","title":{"rendered":"Contribui\u00e7\u00e3o Sindical"},"content":{"rendered":"<div class=\"wpb-content-wrapper\"><p>[vc_row css=&#8221;.vc_custom_1531236767322{margin-top: 40px !important;margin-bottom: 40px !important;}&#8221;][vc_column][vc_row_inner][vc_column_inner width=&#8221;3\/4&#8243;]<div class=\"td_block_wrap td_block_image_box td_uid_1_69ea2cee76b30_rand td-image-box-style-2 td-pb-border-top td_block_template_8\"  data-td-block-uid=\"td_uid_1_69ea2cee76b30\" >\n<style>\n\n\/* custom css *\/\n.td_uid_1_69ea2cee76b30_rand.td_block_image_box div .td-custom-image a {\r\n\t\t\t\t\theight: 200px;\r\n\t\t\t\t}\n<\/style><div class=\"td-block-title-wrap\"><\/div><div class=\"td-image-box-row td-big-image\"><div class=\"td-image-box-span\"><div class=\"td-custom\"><div class=\"td-custom-image\"><a style=\"background-image: url('https:\/\/sindcomerciosl.com.br\/portal\/wp-content\/uploads\/2018\/07\/banner-contrib.-sindical1.png');\" href=\"http:\/\/www.fecomerciomg.org.br\/contribuicaosindical\/\"  target=\"_blank\"  rel=\"bookmark\" title=\"\"><\/a><\/div><div class=\"td-custom-title\"><h3 class=\"entry-title\"><a href=\"http:\/\/www.fecomerciomg.org.br\/contribuicaosindical\/\"><\/a><\/h3><\/div><\/div><\/div><\/div><\/div>[vc_empty_space height=&#8221;5px&#8221;][vc_column_text]<strong>Base legal<\/strong>: artigo 578 e seguintes da CLT (Consolida\u00e7\u00e3o das Leis do Trabalho) Art. 579 : A Contribui\u00e7\u00e3o Sindical \u00e9 devida por todos aqueles que participarem de uma determinada categoria econ\u00f4mica ou profissional, ou de uma profiss\u00e3o liberal, em favor do sindicato representativo da mesma categoria ou profiss\u00e3o ou, inexistindo este, na conformidade do disposto no art. 591. Art. 580 &#8211; (Base de c\u00e1lculo): &#8220;A Contribui\u00e7\u00e3o Sindical ser\u00e1 recolhida, de uma s\u00f3 vez, anualmente, e consistir\u00e1: III &#8211; Para os empregadores, numa import\u00e2ncia proporcional ao capital social da firma ou empresa, registrado nas respectivas Juntas Comerciais ou \u00f3rg\u00e3os equivalentes, mediante a aplica\u00e7\u00e3o de al\u00edquotas, conforme a seguinte tabela progressiva:<\/p>\n<p><strong>Das Entidades Sem Fins Lucrativos \u00a7 5\u00ba.<\/strong><br \/>\nAs entidades ou institui\u00e7\u00f5es que n\u00e3o estejam obrigadas ao registro de capital social, considerar\u00e3o, como capital, para efeito do c\u00e1lculo de que trata a tabela progressiva constante do \u00edtem III deste artigo, o valor resultante da aplica\u00e7\u00e3o do percentual de 40% (quarenta por cento) sobre o movimento econ\u00f4mico registrado no exerc\u00edcio imediatamente anterior, do que dar\u00e3o conhecimento \u00e0 respectiva entidade sindical ou \u00e0 Delegacia Regional do Trabalho, observados os limites estabelecidos no \u00a7 3\u00ba deste artigo. \u00a7 6\u00ba. Excluem-se da regra do \u00a7 5\u00ba as entidades ou institui\u00e7\u00f5es que comprovarem, atrav\u00e9s de requerimento dirigido ao Minist\u00e9rio do Trabalho e Emprego, que n\u00e3o exercem atividade econ\u00f4mica com fins lucrativos.<\/p>\n<p><strong>Do Prazo para o Recolhimento:\u00a0<\/strong><br \/>\nArt. 587. O recolhimento da Contribui\u00e7\u00e3o Sindical dos Empregadores efetuar-se-\u00e1 no m\u00eas de janeiro de cada ano, ou, para os que venham a estabelecer-se ap\u00f3s aquele m\u00eas, na ocasi\u00e3o em que requeiram \u00e0s reparti\u00e7\u00f5es o registro ou a licen\u00e7a para o exerc\u00edcio da respectiva atividade. Atividade Preponderante Art. 581 \u00a7 2\u00ba . Entende-se por atividade preponderante a que caracterizar a unidade de produto, opera\u00e7\u00e3o ou objetivo final, para cuja obten\u00e7\u00e3o todas as demais atividade convirjam, exclusivamente, em regime de conex\u00e3o funcional.[\/vc_column_text][vc_empty_space height=&#8221;5px&#8221;][vc_btn title=&#8221;Emitir Guia&#8221; style=&#8221;custom&#8221; custom_background=&#8221;#aa8607&#8243; custom_text=&#8221;#ffffff&#8221; size=&#8221;lg&#8221; link=&#8221;url:http%3A%2F%2Fwww.fecomerciomg.org.br%2Fcontribuicaosindical%2F||target:%20_blank|&#8221;][\/vc_column_inner][vc_column_inner width=&#8221;1\/4&#8243;][vc_widget_sidebar sidebar_id=&#8221;td-footer-1&#8243;][\/vc_column_inner][\/vc_row_inner][\/vc_column][\/vc_row]<\/p>\n<\/div>","protected":false},"excerpt":{"rendered":"<p>[vc_row css=&#8221;.vc_custom_1531236767322{margin-top: 40px !important;margin-bottom: 40px !important;}&#8221;][vc_column][vc_row_inner][vc_column_inner width=&#8221;3\/4&#8243;][vc_empty_space height=&#8221;5px&#8221;][vc_column_text]Base legal: artigo 578 e seguintes da CLT (Consolida\u00e7\u00e3o das Leis do Trabalho) Art. 579 : A Contribui\u00e7\u00e3o Sindical \u00e9 devida por todos aqueles que participarem de uma determinada categoria econ\u00f4mica ou profissional, ou de uma profiss\u00e3o liberal, em favor do sindicato representativo da mesma categoria ou profiss\u00e3o [&hellip;]<\/p>\n","protected":false},"author":1,"featured_media":0,"parent":0,"menu_order":0,"comment_status":"closed","ping_status":"closed","template":"page-pagebuilder-title.php","meta":{"ngg_post_thumbnail":0,"_joinchat":[],"footnotes":""},"class_list":["post-375","page","type-page","status-publish","hentry"],"yoast_head":"<!-- This site is optimized with the Yoast SEO plugin v26.9 - https:\/\/yoast.com\/product\/yoast-seo-wordpress\/ -->\n<title>Contribui\u00e7\u00e3o Sindical | SindCom\u00e9rcio<\/title>\n<meta name=\"description\" content=\"Base legal: artigo 578 e seguintes da CLT (Consolida\u00e7\u00e3o das Leis do Trabalho) Art. 579 : A Contribui\u00e7\u00e3o Sindical \u00e9 devida por todos aqueles que\" \/>\n<meta name=\"robots\" content=\"index, follow, max-snippet:-1, max-image-preview:large, max-video-preview:-1\" \/>\n<link rel=\"canonical\" href=\"https:\/\/sindcomerciosl.com.br\/portal\/contribuicao-sindical\/\" \/>\n<meta property=\"og:locale\" content=\"pt_BR\" \/>\n<meta property=\"og:type\" content=\"article\" \/>\n<meta property=\"og:title\" content=\"Contribui\u00e7\u00e3o Sindical | SindCom\u00e9rcio\" \/>\n<meta property=\"og:description\" content=\"Base legal: artigo 578 e seguintes da CLT (Consolida\u00e7\u00e3o das Leis do Trabalho) Art. 579 : A Contribui\u00e7\u00e3o Sindical \u00e9 devida por todos aqueles que\" \/>\n<meta property=\"og:url\" content=\"https:\/\/sindcomerciosl.com.br\/portal\/contribuicao-sindical\/\" \/>\n<meta property=\"og:site_name\" content=\"SindCom\u00e9rcio\" \/>\n<meta property=\"article:modified_time\" content=\"2018-08-20T18:40:18+00:00\" \/>\n<meta name=\"twitter:card\" content=\"summary_large_image\" \/>\n<meta name=\"twitter:label1\" content=\"Est. tempo de leitura\" \/>\n\t<meta name=\"twitter:data1\" content=\"2 minutos\" \/>\n<script type=\"application\/ld+json\" class=\"yoast-schema-graph\">{\"@context\":\"https:\/\/schema.org\",\"@graph\":[{\"@type\":\"WebPage\",\"@id\":\"https:\/\/sindcomerciosl.com.br\/portal\/contribuicao-sindical\/\",\"url\":\"https:\/\/sindcomerciosl.com.br\/portal\/contribuicao-sindical\/\",\"name\":\"Contribui\u00e7\u00e3o Sindical | SindCom\u00e9rcio\",\"isPartOf\":{\"@id\":\"https:\/\/sindcomerciosl.com.br\/portal\/#website\"},\"datePublished\":\"2018-07-10T15:25:48+00:00\",\"dateModified\":\"2018-08-20T18:40:18+00:00\",\"description\":\"Base legal: artigo 578 e seguintes da CLT (Consolida\u00e7\u00e3o das Leis do Trabalho) Art. 579 : A Contribui\u00e7\u00e3o Sindical \u00e9 devida por todos aqueles que\",\"breadcrumb\":{\"@id\":\"https:\/\/sindcomerciosl.com.br\/portal\/contribuicao-sindical\/#breadcrumb\"},\"inLanguage\":\"pt-BR\",\"potentialAction\":[{\"@type\":\"ReadAction\",\"target\":[\"https:\/\/sindcomerciosl.com.br\/portal\/contribuicao-sindical\/\"]}]},{\"@type\":\"BreadcrumbList\",\"@id\":\"https:\/\/sindcomerciosl.com.br\/portal\/contribuicao-sindical\/#breadcrumb\",\"itemListElement\":[{\"@type\":\"ListItem\",\"position\":1,\"name\":\"In\u00edcio\",\"item\":\"https:\/\/sindcomerciosl.com.br\/portal\/\"},{\"@type\":\"ListItem\",\"position\":2,\"name\":\"Contribui\u00e7\u00e3o Sindical\"}]},{\"@type\":\"WebSite\",\"@id\":\"https:\/\/sindcomerciosl.com.br\/portal\/#website\",\"url\":\"https:\/\/sindcomerciosl.com.br\/portal\/\",\"name\":\"SindCom\u00e9rcio\",\"description\":\"\",\"publisher\":{\"@id\":\"https:\/\/sindcomerciosl.com.br\/portal\/#organization\"},\"potentialAction\":[{\"@type\":\"SearchAction\",\"target\":{\"@type\":\"EntryPoint\",\"urlTemplate\":\"https:\/\/sindcomerciosl.com.br\/portal\/?s={search_term_string}\"},\"query-input\":{\"@type\":\"PropertyValueSpecification\",\"valueRequired\":true,\"valueName\":\"search_term_string\"}}],\"inLanguage\":\"pt-BR\"},{\"@type\":\"Organization\",\"@id\":\"https:\/\/sindcomerciosl.com.br\/portal\/#organization\",\"name\":\"Sindcom\u00e9rcio de Sete Lagoas\",\"url\":\"https:\/\/sindcomerciosl.com.br\/portal\/\",\"logo\":{\"@type\":\"ImageObject\",\"inLanguage\":\"pt-BR\",\"@id\":\"https:\/\/sindcomerciosl.com.br\/portal\/#\/schema\/logo\/image\/\",\"url\":\"https:\/\/sindcomerciosl.com.br\/portal\/wp-content\/uploads\/2018\/07\/logo-sindcomercio-mobile.png\",\"contentUrl\":\"https:\/\/sindcomerciosl.com.br\/portal\/wp-content\/uploads\/2018\/07\/logo-sindcomercio-mobile.png\",\"width\":140,\"height\":48,\"caption\":\"Sindcom\u00e9rcio de Sete Lagoas\"},\"image\":{\"@id\":\"https:\/\/sindcomerciosl.com.br\/portal\/#\/schema\/logo\/image\/\"}}]}<\/script>\n<!-- \/ Yoast SEO plugin. -->","yoast_head_json":{"title":"Contribui\u00e7\u00e3o Sindical | SindCom\u00e9rcio","description":"Base legal: artigo 578 e seguintes da CLT (Consolida\u00e7\u00e3o das Leis do Trabalho) Art. 579 : A Contribui\u00e7\u00e3o Sindical \u00e9 devida por todos aqueles que","robots":{"index":"index","follow":"follow","max-snippet":"max-snippet:-1","max-image-preview":"max-image-preview:large","max-video-preview":"max-video-preview:-1"},"canonical":"https:\/\/sindcomerciosl.com.br\/portal\/contribuicao-sindical\/","og_locale":"pt_BR","og_type":"article","og_title":"Contribui\u00e7\u00e3o Sindical | SindCom\u00e9rcio","og_description":"Base legal: artigo 578 e seguintes da CLT (Consolida\u00e7\u00e3o das Leis do Trabalho) Art. 579 : A Contribui\u00e7\u00e3o Sindical \u00e9 devida por todos aqueles que","og_url":"https:\/\/sindcomerciosl.com.br\/portal\/contribuicao-sindical\/","og_site_name":"SindCom\u00e9rcio","article_modified_time":"2018-08-20T18:40:18+00:00","twitter_card":"summary_large_image","twitter_misc":{"Est. tempo de leitura":"2 minutos"},"schema":{"@context":"https:\/\/schema.org","@graph":[{"@type":"WebPage","@id":"https:\/\/sindcomerciosl.com.br\/portal\/contribuicao-sindical\/","url":"https:\/\/sindcomerciosl.com.br\/portal\/contribuicao-sindical\/","name":"Contribui\u00e7\u00e3o Sindical | SindCom\u00e9rcio","isPartOf":{"@id":"https:\/\/sindcomerciosl.com.br\/portal\/#website"},"datePublished":"2018-07-10T15:25:48+00:00","dateModified":"2018-08-20T18:40:18+00:00","description":"Base legal: artigo 578 e seguintes da CLT (Consolida\u00e7\u00e3o das Leis do Trabalho) Art. 579 : A Contribui\u00e7\u00e3o Sindical \u00e9 devida por todos aqueles que","breadcrumb":{"@id":"https:\/\/sindcomerciosl.com.br\/portal\/contribuicao-sindical\/#breadcrumb"},"inLanguage":"pt-BR","potentialAction":[{"@type":"ReadAction","target":["https:\/\/sindcomerciosl.com.br\/portal\/contribuicao-sindical\/"]}]},{"@type":"BreadcrumbList","@id":"https:\/\/sindcomerciosl.com.br\/portal\/contribuicao-sindical\/#breadcrumb","itemListElement":[{"@type":"ListItem","position":1,"name":"In\u00edcio","item":"https:\/\/sindcomerciosl.com.br\/portal\/"},{"@type":"ListItem","position":2,"name":"Contribui\u00e7\u00e3o Sindical"}]},{"@type":"WebSite","@id":"https:\/\/sindcomerciosl.com.br\/portal\/#website","url":"https:\/\/sindcomerciosl.com.br\/portal\/","name":"SindCom\u00e9rcio","description":"","publisher":{"@id":"https:\/\/sindcomerciosl.com.br\/portal\/#organization"},"potentialAction":[{"@type":"SearchAction","target":{"@type":"EntryPoint","urlTemplate":"https:\/\/sindcomerciosl.com.br\/portal\/?s={search_term_string}"},"query-input":{"@type":"PropertyValueSpecification","valueRequired":true,"valueName":"search_term_string"}}],"inLanguage":"pt-BR"},{"@type":"Organization","@id":"https:\/\/sindcomerciosl.com.br\/portal\/#organization","name":"Sindcom\u00e9rcio de Sete Lagoas","url":"https:\/\/sindcomerciosl.com.br\/portal\/","logo":{"@type":"ImageObject","inLanguage":"pt-BR","@id":"https:\/\/sindcomerciosl.com.br\/portal\/#\/schema\/logo\/image\/","url":"https:\/\/sindcomerciosl.com.br\/portal\/wp-content\/uploads\/2018\/07\/logo-sindcomercio-mobile.png","contentUrl":"https:\/\/sindcomerciosl.com.br\/portal\/wp-content\/uploads\/2018\/07\/logo-sindcomercio-mobile.png","width":140,"height":48,"caption":"Sindcom\u00e9rcio de Sete Lagoas"},"image":{"@id":"https:\/\/sindcomerciosl.com.br\/portal\/#\/schema\/logo\/image\/"}}]}},"_links":{"self":[{"href":"https:\/\/sindcomerciosl.com.br\/portal\/wp-json\/wp\/v2\/pages\/375","targetHints":{"allow":["GET"]}}],"collection":[{"href":"https:\/\/sindcomerciosl.com.br\/portal\/wp-json\/wp\/v2\/pages"}],"about":[{"href":"https:\/\/sindcomerciosl.com.br\/portal\/wp-json\/wp\/v2\/types\/page"}],"author":[{"embeddable":true,"href":"https:\/\/sindcomerciosl.com.br\/portal\/wp-json\/wp\/v2\/users\/1"}],"replies":[{"embeddable":true,"href":"https:\/\/sindcomerciosl.com.br\/portal\/wp-json\/wp\/v2\/comments?post=375"}],"version-history":[{"count":4,"href":"https:\/\/sindcomerciosl.com.br\/portal\/wp-json\/wp\/v2\/pages\/375\/revisions"}],"predecessor-version":[{"id":461,"href":"https:\/\/sindcomerciosl.com.br\/portal\/wp-json\/wp\/v2\/pages\/375\/revisions\/461"}],"wp:attachment":[{"href":"https:\/\/sindcomerciosl.com.br\/portal\/wp-json\/wp\/v2\/media?parent=375"}],"curies":[{"name":"wp","href":"https:\/\/api.w.org\/{rel}","templated":true}]}}